= 4*k - 24. Let x(d) = -4*d + 25. Let c(b) = 5*n(b) + 4*x(b). Let p be c(8). Let r = -24 + 48. Calculate the highest common factor of r and p.
12
Let c be 0 + 9/((-54)/(-264)). Suppose 5*g + 754 = 5*f + 219, 345 = 3*f + 5*g. Calculate the greatest common factor of c and f.
22
Let m = -45 + 49. Let d(j) = j**2 + 4*j - 4. Let x be d(-5). Let t(q) = 29*q**3 - 2*q**2 + q. Let a be t(x). Calculate the highest common divisor of m and a.
4
Let m(c) = -4*c**2 + 64*c + 35. Let d(l) = -l**2 + 21*l + 12. Let w(t) = -7*d(t) + 2*m(t). Let b be w(-12). Calculate the greatest common divisor of 10 and b.
10
Let t = 12 + -7. Suppose 0 = -14*g + 9*g - t. Let v be g/(5/(-2))*15. Calculate the greatest common factor of v and 2.
2
Let c be -2 + 2*(-9)/(-2). Suppose 5*i - 3 + 9 = -2*x, -4*i = 0. Let t be (0 - -31) + (-1 - (-6)/x). What is the highest common factor of t and c?
7
Suppose 39*k = 7713 + 11943. Calculate the highest common divisor of 36 and k.
36
Suppose -445*o + 431*o + 28 = 0. What is the greatest common factor of o and 111?
1
Suppose 105*c - 26842 + 2902 = 0. Calculate the highest common factor of c and 156.
12
Let h be (205/123)/((-1)/(-3)). Calculate the highest common divisor of 115 and h.
5
Suppose 17*j + 722 = 5*a + 20*j, 5*j = -2*a + 285. What is the greatest common factor of 1 and a?
1
Let x = -2423 - -4047. Calculate the highest common divisor of x and 56.
56
Let k(o) = o**3 + 8*o**2 - 66*o - 5. Let c be k(-13). What is the highest common divisor of 58 and c?
2
Suppose -306 = -3*q - 3*o, o = 2*q - 210 + 15. Let u = q - 71. Let l(x) = x**3 + 2*x**2 - 4*x + 1. Let r be l(-3). What is the highest common factor of r and u?
4
Suppose k - 34 = 213. What is the highest common factor of k and 19?
19
Let d = -52 - -64. Let h(n) = n**3 + n. Let o be h(0). Suppose o*l + 36 = l. What is the highest common factor of d and l?
12
Let f be (-112)/18 + 10/45. Let y be (-182)/f - 15/45. What is the highest common divisor of 15 and y?
15
Suppose -7*i - 3*w = -4*i - 90, 0 = -i - 4*w + 45. Let l(q) = 47*q - 7. Let a be l(6). Calculate the highest common divisor of a and i.
25
Let r(j) = -j + 15. Let c be r(7). Suppose c*t + 2*t = 2530. What is the greatest common divisor of t and 23?
23
Let x(g) = 19*g - 1128. Let t be x(64). What is the highest common factor of 2024 and t?
88
Suppose 5*i + 103 = 4*i. Let d = 193 + i. Suppose -3*o - 36 = -w, 5*w = -0*w + o + 180. Calculate the greatest common divisor of d and w.
18
Suppose 9 = -5*d - 6. Let u be d/9 - 5/(30/(-422)). Calculate the greatest common factor of 10 and u.
10
Suppose -3*t = -532 + 502. What is the greatest common divisor of 30 and t?
10
Let n = -209 + 239. What is the greatest common divisor of n and 30?
30
Let c = -55 + 139. What is the highest common divisor of c and 24?
12
Let z = -837 + 1037. Let j(r) = -26*r**3 - 2*r**2 - r. Let f be j(-1). What is the greatest common factor of z and f?
25
Suppose -25*q + 968 = -1957. Suppose 30 = k - 9. What is the greatest common divisor of k and q?
39
Suppose -3*r + 2*q - 3*q + 1457 = 0, -4*r = 5*q - 1939. What is the greatest common divisor of r and 36?
18
Let s(o) be the second derivative of o**3/2 + 2*o**2 + 12*o. Let n be s(-1). Let v = -6 + 17. What is the highest common factor of n and v?
1
Let q(w) = 2*w**3 - 9*w**2 + 10*w - 8. Let d be q(6). Suppose 4*j = 104 + d. What is the greatest common divisor of 99 and j?
33
Let o be (-62)/((8/24)/((-2)/(-12))). Let a = o - -91. Calculate the greatest common divisor of 5 and a.
5
Suppose -128 = -j + 2*b, -4*j = j + 4*b - 668. Let t be -3*1/(-4) + (-12215)/(-140). What is the highest common divisor of j and t?
44
Suppose 0 = -3*z - q + 8, -3*z - q = -2*z - 4. Suppose 0 = -z*o + 4*o - 420. What is the highest common factor of 15 and o?
15
Let a(y) = -y**3 + y**2 + y + 48. Let k = 4 + -2. Let r be (-6)/24 - k/(-8). Let z be a(r). Calculate the greatest common factor of z and 6.
6
Let b(j) = j**2 - 5*j - 24. Let h be b(8). Suppose -5*a + 5 = 2*t - 4*a, -5*t + 2*a - 1 = h. What is the highest common divisor of t and 9?
1
Suppose -31*d + 1360 = -15*d. What is the highest common factor of 10 and d?
5
Suppose 2*v = 4*v - 12. Let g(n) = -2*n**2 - 42*n + 50. Let p be g(-22). Calculate the highest common factor of v and p.
6
Suppose -20*u = -17*u + 6. Let j be (209/(-38))/(1/u). What is the greatest common divisor of j and 55?
11
Let i(t) = 3*t**3 + 85*t**2 - 57*t + 59. Let l be i(-29). What is the highest common divisor of l and 2130?
30
Suppose -200*i + 196*i = -116. What is the highest common divisor of i and 464?
29
Let s = 143 - 112. Calculate the greatest common factor of 1 and s.
1
Let y = -90 - -95. Calculate the greatest common factor of y and 5.
5
Suppose 4*i + 2*v - 94 = 0, -3*v = -i + 4 + 23. Calculate the highest common factor of i and 204.
12
Let a = -683 + 779. Calculate the highest common divisor of a and 120.
24
Suppose -2*k = -4*f - 20, 20 = k - 2*k - 4*f. Suppose -j + k = -1. Let m be 35/j*(-2)/(-5). Calculate the highest common factor of 7 and m.
7
Let n be (18 + -46)*(-120)/42. Calculate the greatest common factor of 760 and n.
40
Let r be (-36)/(-2)*8/16. Let u(f) = f**3 - 8*f**2 - 2*f - 9. Let s be u(r). Suppose -s = -4*o + 18. Calculate the greatest common divisor of o and 72.
18
Let o = 40 - 16. Suppose 10*v - 11*v + 16 = y, 5*v = 2*y + 80. Calculate the greatest common factor of o and v.
8
Suppose r - 3*c = 5, 2*r - 2*c = -3*c + 38. Suppose 0*h - h = -4*f - 15, -h = -2*f - r. Calculate the greatest common divisor of 38 and h.
19
Let o(x) = -2*x**2 - 23*x + 9. Suppose 25 = 5*b + 75. Let y be o(b). Calculate the greatest common divisor of y and 195.
39
Suppose 185*j = 180*j + 195. Suppose -g - 4*g + 26 = f, -52 = -2*f + 4*g. Calculate the greatest common factor of f and j.
13
Let x be 4 + 15/(-9) + (-3)/9. Suppose 2*j - 132 = -3*d + j, -d + 44 = x*j. Let b(a) = -a - 1. Let u be b(-5). What is the greatest common divisor of d and u?
4
Let b be 6/(((-18)/(-4))/3). Suppose -34*g - c - 20 = -38*g, 0 = -2*g - 2*c + 10. What is the highest common divisor of g and b?
1
Let r = 600 + -592. Let o = -10 - -66. Calculate the highest common divisor of r and o.
8
Let p(x) = -7*x + 28. Suppose -13 = 2*u + 11. Let h be p(u). Let d(v) = -v**2 + 8*v + 9. Let b be d(7). Calculate the highest common factor of b and h.
16
Let a = 621 + -476. What is the highest common factor of 464 and a?
29
Let v = -154 - -161. Let a(g) = -g**3 + 7*g**2 + 13*g - 13. Let m be a(v). What is the greatest common factor of 195 and m?
39
Suppose -11 = -3*v + 4. Let c(m) = -m**2 + 9*m + 4. Let f be c(v). Calculate the highest common divisor of f and 3.
3
Let m be (-429)/(-18) + 14/84. Suppose 48 = 5*q + 3*y, 5*q - 4*y - 80 = y. What is the greatest common factor of m and q?
12
Let f(p) = 1131*p**2 - 2*p - 1. Let d be f(-1). Suppose 412 - d = -5*o. Calculate the highest common factor of o and 16.
16
Let s(p) = -p**3 - 2*p**2 + 6*p - 7. Let d be s(-4). Let r be d - 2/((-6)/9). Let a be (1 - -7)*(-6)/(-4). What is the greatest common factor of r and a?
4
Let z(c) = c**3 - 10*c**2 - c + 12. Let y be z(10). Let w(d) = 5*d - 2*d - 4*d - y*d. Let j be w(-7). What is the highest common factor of 84 and j?
21
Let r(q) = -q + 22. Let c(p) = -p**2 - 4*p + 4. Let n be c(-3). Let z be r(n). Calculate the highest common divisor of z and 165.
15
Let n be 2/(-1 - -3)*-20. Let j be (-8)/n + 313/5. Calculate the greatest common factor of 7 and j.
7
Let f(l) = 11*l - 43. Let m be f(6). Suppose m*u = 22*u + 10. What is the greatest common divisor of u and 4?
2
Let q be 25*(-6 - (-374)/55). Calculate the greatest common factor of q and 170.
10
Suppose 4*p = 3*d - 182, 9 = -4*d + 2*p + 255. Calculate the greatest common divisor of 31 and d.
31
Let k be 10 - (-3)/(3/(-1)). Let l = -256 - -262. Calculate the greatest common factor of l and k.
3
Let i = -136 + 216. Suppose 29 = 2*r + 3*a, -76 = -5*r - 0*a - 4*a. Calculate the highest common factor of r and i.
16
Let w = -1612 - -2802. Calculate the highest common divisor of w and 34.
34
Let w be 12/30 + (-226)/(-10). Let l be 3 - 158*(8 + -9). Calculate the greatest common factor of w and l.
23
Let f(v) = v**2 - 6*v + 7. Let p be f(-5). Let q = -11023 - -11519. Calculate the greatest common divisor of p and q.
62
